. Let w(q) = -2*s(q) - 7*t(q). Determine w(l).
8
Let o(x) = x - 1. Let s(j) = 4*j - 1. Let p(k) = 2*o(k) - s(k). Suppose 0*z + 4*z = -32. Let f = -9 - z. Give p(f).
1
Let f(q) be the first derivative of q**2/2 - 8*q + 2. Suppose -48 = 26*u - 32*u. What is f(u)?
0
Let f(n) = 26*n - 1. Let p be -2*((-30)/20)/(-1). Calculate f(p).
-79
Let h(q) = 3*q + 2. Let a(j) be the second derivative of j**5/4 - j**4/6 - j**3/6 + j**2/2 - 8*j. Let f be a(-1). Give h(f).
-13
Let r(w) be the second derivative of 11*w**3/6 - w**2/2 - 80*w - 4. Suppose 5*v + b + 0*b + 1 = 0, -3*b + 8 = 4*v. What is r(v)?
-12
Let b = 344 + -347. Let i(o) = -o - 1. What is i(b)?
2
Let f(z) = -z + 9. Suppose 0 = -87*k + 90*k + 267. Let b = k - -81. Calculate f(b).
17
Let t be 152/28 + -9*(-5)/(-105). Let d(w) be the second derivative of w**4/12 - 2*w**3/3 + 3*w**2/2 + w. Give d(t).
8
Let j(t) be the first derivative of t**4/2 + 11*t**3/3 - 7*t**2/2 - 11*t + 60. Give j(-6).
-5
Let u(t) = -t**2 + 1. Let m be (-12)/1 + 9 + -1. Determine u(m).
-15
Let y(k) = k**2 + 8*k - 5. Let r be 194/(-22) - (-3 - (-280)/88). What is y(r)?
4
Let i(c) = 2*c**3 + 2*c**2 - c - 1. Let d(h) = -12*h**2 - 98*h - 18. Let p be d(-8). Determine i(p).
-7
Suppose -5*y = -r - 8, 17 = 3*y + 2*y - 4*r. Let o(h) = 8*h - 1. Determine o(y).
7
Suppose -3*q = 2*c - 53, 3*q - 3 = 2*c - 26. Suppose -4*j + 2*s - 20 = 0, -s - c = 5*j - 2*s. Let v(i) = i**2 - 2*i - 3. Give v(j).
12
Let l(r) = -5*r**3 + 2*r**2 - 5*r + 2. Let f(p) = 13*p**3 - 7*p**2 + 15*p - 7. Let h(z) = -3*f(z) - 8*l(z). What is h(-6)?
-1
Let p(u) = u**2 + 8*u - 3. Let o = -203 + 195. Calculate p(o).
-3
Let a(g) = g**2 + 5*g. Let c(h) = h**2 - 10*h + 6. Let b = 5 - -5. Let l be c(b). Suppose -3*q - 18 = -y + l*y, 0 = 3*y + q + 14. Give a(y).
6
Suppose 3*u + 2*n = n - 17, 2*u + 12 = -n. Let r(k) = -2*k - 8. Let b be r(u). Let a(c) = 10 - 4*c**2 + c**2 + 8*c + 3*c**2 + c**b. What is a(-7)?
3
Let t be 3 - 0 - (1 - 0). Let a(k) = -2*k**2 - k**3 + 3 + 7*k**t + 1 - 2*k. Suppose 0 = -3*m + 20 - 5. Determine a(m).
-6
Let o(j) = -3*j - 2. Let l(r) = r**2 - 15*r + 24. Let d = 56 - 43. Let b be l(d). Give o(b).
4
Let z(d) = 3*d**2 - 5*d - 1. Let u be (-13)/(663/(-6)) - 198/(-51). Calculate z(u).
27
Let i(w) be the third derivative of -w**7/2520 - w**6/180 - w**5/40 - w**4/2 + 8*w**2. Let n(a) be the second derivative of i(a). Give n(-2).
1
Let z(f) = -f**2 - 3*f + 14. Let n(r) = -2*r**2 - 4*r + 14. Let g(y) = 2*n(y) - 3*z(y). Calculate g(0).
-14
Let y = 72 - 68. Suppose y*w = -b + 17, -2*w + 10 = 2*b - 0*b. Let c(n) = 4*n**2 - 3*n. Let p(l) = 3*l**2 - 4*l. Let z(f) = 3*c(f) - 2*p(f). Determine z(b).
5
Let j = -587 + 595. Let d(i) = -2*i**2 + 12*i - 1. Calculate d(j).
-33
Let h be (88/3)/(-4) + 16/12. Let f(d) = -7*d - 1. Let o(z) = -13*z - 2. Suppose -i = -0*i - 11. Let r(p) = i*f(p) - 6*o(p). Give r(h).
-5
Let v(k) = -2*k**2 + 2*k + 2. Let t be ((-8)/(-6))/(9/27). Suppose -2*g + 5*o - 12 = 0, -g - t*o + 18 = -2. Suppose -6 = -5*c + g. Determine v(c).
-2
Let a(t) = -2 - 20*t**2 - 5*t**3 - 2*t**3 + 13*t**3 + 19*t - 5*t**3. Calculate a(19).
-2
Let p(n) = -5 + 5 - 6 - 5 - n + 4. Determine p(-7).
0
Suppose -9*p + 41 = 5. Let o(r) = r**3 - r + p*r**2 + 2 + 0 + 5*r + 1. What is o(-3)?
0
Let r(y) = y + 10. Suppose 0 = -7*h + 8*h - 6. Suppose -3*d - 3*p = h, 2*d + p + 2*p - 1 = 0. What is r(d)?
3
Let y(a) = 11*a - 4. Let n(h) = 17*h - 6. Let v(x) = 5*n(x) - 7*y(x). Let k(f) = 81*f - 21. Let l(o) = 2*k(o) - 21*v(o). Calculate l(-1).
6
Let n(s) = -7*s - 19. Let t be n(-3). Let b(w) = -9*w**2 - w**2 + 14*w**2 - 6*w - 5*w**t. Calculate b(-5).
5
Let g(b) = -b. Let u(p) = -5*p - 1. Let h(c) = -3*g(c) + u(c). Suppose 6 = 2*z - 4*v, -3*z - 2 = -z + 4*v. Determine h(z).
-3
Let y(w) = -w - 8. Let i(f) = -f - 12. Let k = 16 - 27. Let o be i(k). Let u(r) = -1. Let h(l) = o*u(l) + y(l). What is h(-5)?
-2
Let m = 1082 + -1074. Let z(o) = 2*o**2 - 14*o - 18. Calculate z(m).
-2
Let c(v) be the second derivative of -v**8/6720 - v**7/2520 - v**6/720 - v**5/30 + v**4 + 2*v - 19. Let p(m) be the third derivative of c(m). Give p(0).
-4
Let w(r) be the first derivative of r**4/4 + 7*r**3/3 + 5*r**2/2 - 5*r + 407. Give w(-6).
1
Let v(r) be the second derivative of -r**5/10 - r**4/4 - r**3/3 + r**2/2 + 9*r. Let b(f) = -f + 1. Let u(g) = 4*b(g) - v(g). Calculate u(2).
27
Let r be (6/8)/((-37)/(-148)). Let a(p) be the first derivative of -2*p + 0*p**2 + 1/3*p**r + 3. Give a(2).
2
Let j be ((-10)/45*-9)/(-2 - -1). Let l(b) = -12*b + 3. Calculate l(j).
27
Let v = -115 + 68. Let c = v + 41. Let o(i) = i**3 + 7*i**2 + 4*i + 1. What is o(c)?
13
Let i(n) = -n**3 + 9*n**2 + 22*n - 1. Let s be i(11). Let d(y) = 16 + 2*y**2 - 28 - y + 11 - y**2. What is d(s)?
1
Let b(y) = -y**3 + 6*y**2 - 21*y - 11. Let q(r) = -3*r**3 + 16*r**2 - 61*r - 32. Let s(t) = -17*b(t) + 6*q(t). Calculate s(-3).
-5
Let w(t) = t**2 - t + 2. Let z be (-6 + 10)*(2 - 1). Suppose 2*g + 2 - 12 = 0. Suppose -s + 5*m + 23 = 0, z*s - g = 3*m + 19. What is w(s)?
8
Let p = -3 - 4. Let h(d) = -d + 4. Let n(q) = q - 4. Let u(g) = p*n(g) - 6*h(g). What is u(0)?
4
Let v(m) = 5*m**2 + 20*m - 9. Let q(z) = 3*z**2 + 13*z - 6. Let u(p) = 8*q(p) - 5*v(p). Let n = 14 - -19. Let f = n + -29. Determine u(f).
-3
Suppose 0 = 4*u + 4*w - 16, -4*w + 17 = 4*u + w. Let k(m) = -1 + m**2 - m - u*m - m. Suppose -5*g + 7 = -23. Calculate k(g).
5
Let h(c) = 7*c**3 - 20*c**2 + 14*c. Let k(l) = 20*l**3 - 58*l**2 + 41*l - 1. Let w(u) = 17*h(u) - 6*k(u). Determine w(7).
-1
Let s(c) = 6*c - 9. Let o(h) = h**3 - 12*h**2 + 27*h - 67. Let u be o(10). Determine s(u).
9
Let r(t) = 70*t + 49. Let w(z) = 7*z + 5. Suppose 193 = -4*c - l, 2*c - 4*l = -c - 159. Let v(k) = c*w(k) + 5*r(k). Calculate v(-3).
-21
Let u(d) = 2*d + 1030 - d - 1029 - d**3 - 2*d**2. Give u(-2).
-1
Suppose -4*i + 309 = 5*v, 2*v = -2*v - 5*i + 240. Let d = v - 67. Let f(y) = -2*y + 1. Give f(d).
5
Let j(q) = -q - 1. Let t be 833/(-21) - 1/3. Let y(o) = 5*o + 8. Let d(u) = t*j(u) - 5*y(u). What is d(1)?
15
Suppose -4*l + 4 = -u - 9, 3*u + 17 = l. Let s(w) = -3*w - l + 1 + 0 + 2*w**2. Let j be 54/(-9) - 16/((-16)/4). Determine s(j).
13
Let d(s) = -22*s + 2. Let j(k) = 12*k - 1. Let a(w) = 6*d(w) + 13*j(w). Calculate a(-1).
-25
Let w(f) = -f**2 - 3*f + 5. Suppose 50*x - 47*x + 18 = 0. Give w(x).
-13
Let b(j) be the second derivative of -j**4/24 - 5*j**3/6 - 3*j**2/2 + j. Let n(x) be the first derivative of b(x). Let m be -1*(0 - -7) - -2. Give n(m).
0
Let u(l) be the third derivative of l**6/144 + 7*l**4/24 - 2*l**2. Let i(f) be the second derivative of u(f). Give i(1).
5
Suppose 0 = 4*w + 3*v - 5*v - 4, -3*w - 5*v + 3 = 0. Let i(f) = -f**3 + f**2 - f - 1. Let a(g) = -3*g**2 + g - 3. Let s(x) = w*a(x) - i(x). Determine s(4).
6
Let o(h) = -15*h + 44. Let r(x) = -17*x + 46. Let n(v) = 6*o(v) - 5*r(v). Give n(7).
-1
Let y(h) = h**2 - h - 3. Suppose -z = 5*n - 14, 5*n - 45 + 27 = 3*z. Calculate y(n).
3
Let z = 2 - -4. Let b = 5 - 3. Let i(k) = 1 - 4 + k + b. Calculate i(z).
5
Let d(r) = r**2 + 6*r + 3. Let o(i) = -i**3 - i**2 - i - 7. Let c be o(-3). Suppose -5*s + 30 = -5*k + 2*k, c = -k + 3*s. Calculate d(k).
-2
Let j(n) be the first derivative of -5*n**4/4 + n**3/3 - 2*n + 848. Calculate j(2).
-38
Let q(o) = 1 + 0*o + 3*o + 6. Let t = -32 + 26. Give q(t).
-11
Let t(q) = 2*q**2 + q. Suppose -3*b - 6*b = 36. Let j = b - -5. What is t(j)?
3
Let x(p) be the third derivative of 0 + 1/10*p**5 + 0*p - 1/120*p**6 + 1/6*p**3 + p**2 + 0*p**4. Let c(g) = -5*g - 24. Let h be c(-6). Give x(h).
1
Let b(c) = -2 + 2*c**2 - 3*c**2 - c**2 + 3*c. Let x(u) = u**3 - 7*u**2 - 4*u + 62. Let y be x(6). Calculate b(y).
-4
Let r(k) = -8*k - 245. Let h be r(-31). Let x(l) = -l**2 + l - 4. Give x(h).
-10
Suppose 5 - 1 = 2*s. Let g(r) = 3*r + 4. Give g(s).
10
Let g(p) = -16*p**3 + 6*p**2 + 16*p - 5. Let l(r) = -3*r**3 + r**2 + 3*r - 1. Let a(o) = -2*g(o) + 11*l(o). Let x(k) = k + 6. Let u be x(-8). Give a(u).
1
Let r(c) = -c**2 - 14*c + 32. Let u be r(-16). Suppose u = 3*m + 19 - 1. Let a(l) = 16*l + 5. Let g(d) = -3*d - 1. Let p(x) = 2*a(x) + 11*g(x). Give p(m).
5
Suppose 0 = 5*a + 1543*d - 1542*d + 24, 2*a - 4*d + 36 = 0. Let q(v) be the first derivative of -9*v + 1 - 1/3*v**3 - 7/2*v**2. Give q(a).
-3
Let q(c) = c**3 + 7*c**2 - 10*c + 